660 - 28230. What is the thousands digit of r?
4
Suppose 0 = 705*d - 704*d - 543. Suppose -4*j + 741 = 3*k, 3*j - d = 4*k - 2*k. What is the tens digit of j?
8
Suppose 2*n + 0*n = -264. Let f = -1579 - -1593. Let p = f - n. What is the hundreds digit of p?
1
Let n(c) = -3*c**2 - 6*c**3 + 2*c - 2 + 3*c**3 + 4. Suppose 5*f + 2*k = 7*f + 14, f - 5*k = -19. What is the tens digit of n(f)?
3
Let g = -268 + 325. Let h = 78 + g. What is the tens digit of h?
3
Suppose -j + 2*d + 4269 = 0, 305*d + 17036 = 4*j + 307*d. What is the tens digit of j?
6
Let l = 6 - 93. Let q = -581 - l. Let n = -281 - q. What is the tens digit of n?
1
Let f be -20*((-2)/4)/(10 - 9). Suppose -6*m = -f - 2. Suppose -m*t + 179 = -279. What is the tens digit of t?
2
Let z be -3545 - (-4 - 54/(-12))*6. Let m = z + 5138. What is the hundreds digit of m?
5
Let h(u) = u**3 + 21*u**2 + 25*u + 35. Let r = 124 + -142. What is the units digit of h(r)?
7
Let q = -26 - -32. Let i be (368/40)/(1 + q/(-5)). What is the units digit of (-5)/(i/15 - -3)?
5
Let v(o) = 122*o + 310. What is the tens digit of v(69)?
2
Suppose 11*h - 165 = 176. Suppose h*s = 29*s + 180. What is the units digit of s?
0
Suppose 19*u - 37*u - 36324 = -24*u. What is the tens digit of u?
5
Let r(v) = -v**3 - 11*v**2 + 6*v - 21. Let n be r(-9). Let a = 610 + n. What is the units digit of a?
3
Let b be -1*130/11 - 2/11. Let r = b + 12. Let i = 41 + r. What is the tens digit of i?
4
Let u be (-106 - 4)*13/2. Let y = -506 - u. Suppose y = -4*b + 685. What is the units digit of b?
9
Suppose 12*o - 8*o = 3*f - 12142, 2*f + 3*o = 8089. What is the tens digit of f?
4
Suppose 2*a - 4*o + 1834 = 0, 2*o - 684 - 1160 = 2*a. Let x be a/6*(-40)/12. Suppose -h - x = -6*h. What is the hundreds digit of h?
1
Let o be (-2 + -2)/(14/(-21)). Suppose -o*n + 4*n + 66 = -4*p, 4*n - 2*p - 138 = 0. What is the tens digit of n?
3
Let p(w) = -w**3 - 9*w**2 + 12*w + 24. Let b be p(-10). Suppose 0*l - 624 = -5*n + b*l, 4*l - 144 = -n. Let z = n - 71. What is the tens digit of z?
5
Let f = 118 - 8. Suppose 0 = -8*d - 677 + 269. Let v = d + f. What is the tens digit of v?
5
Let i(j) be the second derivative of -4/3*j**3 - 4*j**2 + 0 + j. What is the tens digit of i(-3)?
1
Let g(p) = 2*p**3 + 20*p - 9 + 3*p**3 + p**3 - 22*p. What is the units digit of g(4)?
7
Let j(x) = 33*x**2 + 2*x - 2. Let d be j(1). Suppose i = d - 43. What is the tens digit of (3 - 33/6)*i?
2
Let d = 2635 + -2328. What is the units digit of d?
7
Let c(x) = 2*x**2 + x + 5. Let s be c(-4). Suppose 2*z - 31*p + s*p = 946, 2*z - 954 = -4*p. What is the hundreds digit of z?
4
Let q be 16*(-20)/(-6)*(-1938)/(-68). What is the hundreds digit of (33/(-22))/((-15)/q)?
1
Let k(y) = 32*y - 9*y + 29 - 88. What is the tens digit of k(23)?
7
Let h = 14 + -2. Let l be (8/(-5))/(h/(-30)). Suppose l*n = -2*n + 126. What is the tens digit of n?
2
Suppose -2*b - 2*u - 24619 + 111373 = 0, b + 5*u - 43381 = 0. What is the tens digit of b?
7
Suppose 157001 = 14*h - 537343. What is the thousands digit of h?
9
Suppose 5 = -5*k + 25. Suppose k*l + 2*o - 3*o = 0, -5*l = o - 9. Let s(n) = 246*n**3 - n**2 - 6*n + 7. What is the hundreds digit of s(l)?
2
Suppose 4*a = -5*i + i + 20, 5*a - 2*i = 4. What is the hundreds digit of a + 1*((253 - 4) + 4)?
2
What is the tens digit of 10457/(8 + -3*10/4)?
1
Let v = 2450 + 34462. What is the ten thousands digit of v?
3
Suppose -102175 = -16*n + 75089. What is the tens digit of n?
7
Suppose 0 = -10*q - 15*q + 282700. Suppose -9*h + q = 1057. What is the tens digit of h?
3
Let w(d) be the second derivative of 0 - 2*d**3 + 3*d + 13/2*d**2. What is the units digit of w(-6)?
5
Let p(n) = 20*n**3 - n**2 - 67*n + 631. What is the thousands digit of p(9)?
4
Let u = 15406 - 7669. What is the tens digit of u?
3
Let x(q) = q**3 + 11*q**2 + 20*q + 24. Let b be x(-9). Suppose 260 = 3*j - u, 7*j = 4*j - 3*u + 252. Suppose b*a - 5*a = j. What is the units digit of a?
6
Suppose -2*i = -3*z + 3*i - 9, 0 = -2*z + 2*i - 6. Let g be -5*z/15*-7. What is the tens digit of ((-18)/g)/((-1)/(-7))?
1
Let f(a) = -2*a**3 - a**2 + 1. Let j(b) = -66*b**3 - 5*b**2 - 12*b. Let s(c) = -6*f(c) + j(c). What is the units digit of s(-3)?
7
Let l(f) = -94*f**3 + 4*f**2 + 12*f + 15. Let z be l(-6). Suppose 0 = -21*c + z - 651. What is the tens digit of c?
4
Let c = -22196 + 55212. What is the hundreds digit of c?
0
Let w = -184 + 189. Suppose 3*c = -12, w*p + 3*c = 6*p - 372. What is the tens digit of p?
6
What is the thousands digit of ((-168)/49)/(-12) - 455673/(-21)?
1
Let n(q) = -6*q**3 + 18*q**2 - 34*q + 26. Let y(u) = -5*u**3 + 18*u**2 - 35*u + 28. Let s(h) = 6*n(h) - 7*y(h). What is the units digit of s(-21)?
2
What is the thousands digit of (14/217 - (-1444970)/31)*2/4?
3
Let b = 13626 + -6622. What is the thousands digit of b?
7
Suppose -204*u + 202*u = -210336. What is the hundreds digit of (2/6)/(28/u)?
2
Let y(q) = -7*q - 127. Let u be y(18). What is the hundreds digit of (-1487)/(-5) - (5 - u/(-55))?
2
Let l = -290 - -312. Suppose l*j - 39*j = -6290. What is the hundreds digit of j?
3
Suppose 0 = 5*w - 5*u - 10, -u - 2*u + 9 = 2*w. Suppose 5*c = -3*o + 13, -2 = w*c - c. What is the tens digit of 51 - (-2)/3*27/o?
5
Let a(v) = -v**3 - 4*v**2 - 6*v - 1. Suppose -9*w + 6*w = 117. Let d be w/8 - (-14)/(-112). What is the tens digit of a(d)?
5
Let k = 120 - 108. Suppose 0*x - k*x + 2304 = 0. What is the units digit of x?
2
Let v be (-7080)/(-50) - (-1 + (-16)/(-10)). Suppose 27 = 144*x - v*x. What is the units digit of x?
9
Suppose -3*u + f - 216 = 0, -f + 2*f = 0. What is the hundreds digit of 331/3 + (-16)/u*3?
1
Suppose 0 = -4*l + 5*c + 41, 0*l = -5*l + 3*c + 35. Suppose -3*s - 494 = -l*w + 704, -w + 304 = -3*s. What is the hundreds digit of w?
2
What is the hundreds digit of 835/(-2505) - 42092/(-6)?
0
Suppose -3*b - 4*f - 289915 + 80758 = 0, -5*b = -4*f + 348595. What is the units digit of b/(-341) + 6/11?
5
Suppose 5*c - 177205 = -30*c. What is the hundreds digit of c?
0
Suppose 0 = -11*k + 15*k + 656. Let j = k + 64. What is the hundreds digit of (-920)/(-6)*(-120)/j?
1
Let o(p) = p**2 - 18*p - 16. Let s be o(20). Let f be (9/6)/(1 + (-15)/s). Suppose 4*y + f*y = 304. What is the units digit of y?
8
Let u = -4678 - -27974. What is the units digit of u?
6
Let o(u) = -u**3 + 12*u**2 + 19*u - 31. Let x be o(13). Suppose -6*j + x = -145. Let h = j + 32. What is the tens digit of h?
6
Suppose 382847*i = 382820*i + 2299347. What is the hundreds digit of i?
1
Suppose q = -1, -3*v + 0*q = 3*q - 24. Suppose 4*z - 1522 = k, -3*z - v*k + 1138 = -8*k. What is the units digit of z?
0
Suppose 12*h - 6*h = 540. What is the thousands digit of 55/((-5)/23*(-18)/h)?
1
Suppose 0 = -6*k + 5*k + l + 31, 2*k - 46 = -2*l. What is the units digit of k/18*(-1248)/(-9)?
8
Suppose 440*j - 427*j - 27196 = 0. What is the tens digit of j?
9
Suppose 6 = 2*u - 2*l + 4*l, 0 = -5*l + 20. Let z = u + 147. What is the tens digit of z?
4
Suppose -a - 2*k = -92, 2*a - 50 - 146 = 2*k. Let v = 149 - -135. Suppose -5*w + a = -v. What is the tens digit of w?
7
Let m = -25490 - -45266. What is the thousands digit of m?
9
Let c be 25/(-10)*(-30)/25. Suppose -6 - 19 = 5*q, 4*v = c*q + 827. What is the hundreds digit of v?
2
Suppose z = -4*z. Suppose 6*t - 37 - 53 = z. What is the units digit of t - (-8 + 4) - 4?
5
What is the ten thousands digit of (-6)/45 - (27948757/(-615) - (2 + -6))?
4
Suppose -f - 5*k = -386, -2*k - 71 = -f + 329. Let q = f + -84. What is the hundreds digit of q?
3
Let b = 8 + -8. Let m be (4 - 4) + b - 0. Suppose 2*d - 5*s - 52 = m, 2*d - 68 = -0*d + s. What is the tens digit of d?
3
Let v be 2/(-4) + (-1575)/(-18). Let h = 15 + v. What is the tens digit of h?
0
Suppose -5*b - 3*n + 1174 = -4*b, -8 = 4*n. Let d = b + -153. What is the hundreds digit of d?
0
What is the hundreds digit of ((-973)/(-14) - 1)/((-4)/(-400))?
8
Suppose 1880 = 3*s + s. Let o = s - 229. What is the units digit of o?
1
What is the units digit of (83*42/(-9))/(61/(-4392))?
8
Let g(s) be the second derivative of s**5/10 - s**4/2 + 13*s**3/6 - 21*s**2/2 + 12*s. Let q be g(6). Let k = 454 - q. What is the units digit of k?
1
Let d = -34023 - -65902. What is the units digit of d?
9
Let h(i) be the second derivative of i**6/360 + 29*i**5